vided by 93?
89
What is the remainder when 3011 is divided by 1003?
2
Calculate the remainder when 52718 is divided by 17565.
23
What is the remainder when 1550 is divided by 188?
46
What is the remainder when 4771310 is divided by 377?
375
What is the remainder when 26731 is divided by 431?
9
What is the remainder when 22203 is divided by 920?
123
What is the remainder when 60602 is divided by 1078?
234
Calculate the remainder when 226593 is divided by 409.
7
What is the remainder when 9358840 is divided by 15?
10
What is the remainder when 13948 is divided by 996?
4
What is the remainder when 167305 is divided by 146?
135
Calculate the remainder when 19978 is divided by 100.
78
Calculate the remainder when 666957 is divided by 794.
791
Calculate the remainder when 284347 is divided by 67.
66
Calculate the remainder when 1526 is divided by 104.
70
What is the remainder when 1422 is divided by 282?
12
Calculate the remainder when 26288 is divided by 125.
38
Calculate the remainder when 1491 is divided by 88.
83
What is the remainder when 1131575 is divided by 41?
16
What is the remainder when 2942 is divided by 540?
242
What is the remainder when 192 is divided by 97?
95
What is the remainder when 11198 is divided by 287?
5
Calculate the remainder when 2225 is divided by 89.
0
What is the remainder when 209216 is divided by 25?
16
Calculate the remainder when 95236 is divided by 30.
16
Calculate the remainder when 33406 is divided by 26.
22
Calculate the remainder when 749850 is divided by 38.
34
What is the remainder when 10274 is divided by 91?
82
Calculate the remainder when 6746 is divided by 130.
116
Calculate the remainder when 357 is divided by 111.
24
What is the remainder when 6591 is divided by 20?
11
What is the remainder when 5687091 is divided by 134?
131
What is the remainder when 303983 is divided by 107?
103
Calculate the remainder when 6653 is divided by 1624.
157
What is the remainder when 7409 is divided by 23?
3
What is the remainder when 54741 is divided by 50?
41
What is the remainder when 1047198 is divided by 359?
354
Calculate the remainder when 144667 is divided by 33.
28
Calculate the remainder when 95000 is divided by 47500.
0
What is the remainder when 110655 is divided by 12295?
0
Calculate the remainder when 4932 is divided by 2450.
32
What is the remainder when 1325 is divided by 658?
9
What is the remainder when 1327 is divided by 268?
255
Calculate the remainder when 1488 is divided by 486.
30
What is the remainder when 492640 is divided by 59?
49
What is the remainder when 1722 is divided by 241?
35
What is the remainder when 559 is divided by 181?
16
What is the remainder when 360 is divided by 72?
0
Calculate the remainder when 4379245 is divided by 17.
11
Calculate the remainder when 231626 is divided by 1387.
1384
What is the remainder when 2143 is divided by 331?
157
What is the remainder when 20114 is divided by 448?
402
Calculate the remainder when 27668 is divided by 13828.
12
Calculate the remainder when 38274 is divided by 101.
96
What is the remainder when 91220 is divided by 22?
8
What is the remainder when 161712 is divided by 671?
1
Calculate the remainder when 331 is divided by 62.
21
What is the remainder when 105851 is divided by 131?
3
What is the remainder when 641 is divided by 244?
153
Calculate the remainder when 4400 is divided by 91.
32
Calculate the remainder when 31118 is divided by 79.
71
Calculate the remainder when 19095 is divided by 3179.
21
Calculate the remainder when 4806 is divided by 956.
26
What is the remainder when 75027 is divided by 75014?
13
Calculate the remainder when 994 is divided by 38.
6
Calculate the remainder when 335242 is divided by 364.
362
What is the remainder when 252038 is divided by 34?
30
What is the remainder when 59190 is divided by 56?
54
Calculate the remainder when 2000 is divided by 7.
5
Calculate the remainder when 1364 is divided by 531.
302
What is the remainder when 248 is divided by 86?
76
What is the remainder when 148824 is divided by 24?
0
Calculate the remainder when 19938 is divided by 277.
271
What is the remainder when 891655 is divided by 110?
105
Calculate the remainder when 159774 is divided by 913.
912
Calculate the remainder when 832 is divided by 485.
347
What is the remainder when 20129 is divided by 2516?
1
Calculate the remainder when 48113 is divided by 35.
23
Calculate the remainder when 3995 is divided by 1314.
53
Calculate the remainder when 6770 is divided by 226.
216
Calculate the remainder when 9282 is divided by 603.
237
Calculate the remainder when 676618 is divided by 270.
268
Calculate the remainder when 1880 is divided by 11.
10
Calculate the remainder when 1297 is divided by 604.
89
Calculate the remainder when 21164 is divided by 7054.
2
Calculate the remainder when 62462 is divided by 694.
2
What is the remainder when 142577 is divided by 88?
17
Calculate the remainder when 347601 is divided by 302.
301
What is the remainder when 642018 is divided by 64201?
8
What is the remainder when 41449 is divided by 41427?
22
What is the remainder when 51922 is divided by 561?
310
Calculate the remainder when 9122 is divided by 268.
10
What is the remainder when 3842 is divided by 3775?
67
What is the remainder when 2235 is divided by 8?
3
What is the remainder when 50097 is divided by 26?
21
Calculate the remainder when 379508 is divided by 640.
628
Calculate the remainder when 17983 is divided by 243.
1
What is the remainder when 70718 is divided by 34?
32
What is the remainder when 2182 is divided by 808?
566
What is the remainder when 9613 is divided by 76?
37
What is the remainder when 4027 is divided by 29?
25
Calculate the remainder when 611 is divided by 18.
17
What is the remainder when 4820 is divided by 4810?
10
What is the remainder when 68479 is divided by 68476?
3
Calculate the remainder when 5269 is divided by 51.
16
What is the remainder when 15041 is divided by 5001?
38
What is the remainder when 8343 is divided by 1667?
8
Calculate the remainder when 33693 is divided by 10.
3
What is the remainder when 189145 is divided by 582?
577
Calculate the remainder when 73931 is divided by 14.
11
Calculate the remainder when 262204 is divided by 1181.
22
What is the remainder when 18476 is divided by 308?
304
Calculate the remainder when 152673 is divided by 1388.
1381
What is the remainder when 9592 is divided by 1198?
8
What is the remainder when 182639 is divided by 1363?
1360
What is the remainder when 1286 is divided by 145?
126
What is the remainder when 49198 is divided by 75?
73
Calculate the remainder when 375989 is divided by 12.
5
What is the remainder when 42820 is divided by 10686?
76
What is the remainder when 6590 is divided by 314?
310
Calculate the remainder when 130192 is divided by 978.
118
What is the remainder when 5955 is divided by 22?
15
What is the remainder when 377 is divided by 118?
23
Calculate the remainder when 8376 is divided by 420.
396
Calculate the remainder when 10996 is divided by 1353.
172
Calculate the remainder when 1628 is divided by 212.
144
What is the remainder when 89913 is divided by 12?
9
Calculate the remainder when 97326 is divided by 19.
8
What is the remainder when 671771 is divided by 14?
9
What is the remainder when 57490 is divided by 6385?
25
Calculate the remainder when 2539 is divided by 273.
82
What is the remainder when 6787 is divided by 430?
337
What is the remainder when 3463 is divided by 1574?
315
Calculate the remainder when 1497 is divided by 3.
0
Calculate the remainder when 97376 is divided by 251.
239
What is the remainder when 355073 is divided by 23?
22
Calculate the remainder when 7088 is divided by 373.
1
Calculate the remainder when 32784 is divided by 234.
24
Calculate the remainder when 164701 is divided by 651.
649
What is the remainder when 119696 is divided by 423?
410
Calculate the remainder when 635062 is divided by 188.
186
Calculate the remainder when 17181 is divided by 121.
120
Calculate the remainder when 31276 is divided by 1049.
855
Calculate the remainder when 2450 is divided by 503.
438
What is the remainder when 5183 is divided by 324?
323
Calculate the remainder when 35777 is divided by 67.
66
What is the remainder wh